is divided by 765?
326
What is the remainder when 873066 is divided by 54540?
426
What is the remainder when 2260523 is divided by 2260483?
40
What is the remainder when 1546981 is divided by 308853?
2716
Calculate the remainder when 818318 is divided by 2102.
640
Calculate the remainder when 648089 is divided by 4423.
2331
Calculate the remainder when 495330 is divided by 818.
440
Calculate the remainder when 2541573 is divided by 8094.
57
Calculate the remainder when 20819372 is divided by 1766.
1764
What is the remainder when 61360 is divided by 337?
26
What is the remainder when 4394915 is divided by 1194?
995
Calculate the remainder when 1254632 is divided by 2.
0
What is the remainder when 5313 is divided by 701?
406
What is the remainder when 1078202 is divided by 77012?
34
Calculate the remainder when 3547984 is divided by 34.
16
Calculate the remainder when 29313 is divided by 545.
428
Calculate the remainder when 524682 is divided by 176.
26
Calculate the remainder when 13168998 is divided by 154.
150
What is the remainder when 2354371 is divided by 355?
11
What is the remainder when 98457 is divided by 12?
9
What is the remainder when 8484 is divided by 7399?
1085
What is the remainder when 1482414 is divided by 310?
304
Calculate the remainder when 3482484 is divided by 13.
5
Calculate the remainder when 19824 is divided by 3853.
559
What is the remainder when 17635677 is divided by 8880?
8877
What is the remainder when 63165 is divided by 579?
54
Calculate the remainder when 23736365 is divided by 106.
103
What is the remainder when 123701 is divided by 30474?
1805
What is the remainder when 17408 is divided by 17381?
27
Calculate the remainder when 4579 is divided by 1143.
7
What is the remainder when 222497 is divided by 363?
341
What is the remainder when 1537818 is divided by 498?
492
What is the remainder when 1468597 is divided by 756?
445
What is the remainder when 4507169 is divided by 15?
14
Calculate the remainder when 2438483 is divided by 92.
23
Calculate the remainder when 28430055 is divided by 103382.
5
Calculate the remainder when 765221 is divided by 50.
21
Calculate the remainder when 844348 is divided by 844341.
7
Calculate the remainder when 359883 is divided by 2542.
1461
What is the remainder when 3343629 is divided by 201?
195
Calculate the remainder when 23190155 is divided by 22.
21
Calculate the remainder when 6031123 is divided by 18.
7
What is the remainder when 292871 is divided by 73097?
483
Calculate the remainder when 25990267 is divided by 41.
39
What is the remainder when 81538 is divided by 740?
138
What is the remainder when 19993872 is divided by 38823?
27
Calculate the remainder when 1943135 is divided by 781.
7
Calculate the remainder when 212484 is divided by 2833.
9
What is the remainder when 185837 is divided by 2999?
2898
What is the remainder when 19721 is divided by 3322?
3111
Calculate the remainder when 11713029 is divided by 2056.
2053
Calculate the remainder when 4685296 is divided by 1561759.
19
Calculate the remainder when 2346158 is divided by 229.
53
What is the remainder when 8065679 is divided by 56?
55
What is the remainder when 254033 is divided by 81?
17
What is the remainder when 147647916 is divided by 479?
477
What is the remainder when 48929 is divided by 134?
19
What is the remainder when 238779 is divided by 790?
199
Calculate the remainder when 9756991 is divided by 38.
35
What is the remainder when 16229 is divided by 477?
11
Calculate the remainder when 542580 is divided by 542071.
509
What is the remainder when 9291535 is divided by 340?
15
What is the remainder when 6581621 is divided by 56738?
13
Calculate the remainder when 42381 is divided by 2268.
1557
Calculate the remainder when 28656542 is divided by 28946.
2
Calculate the remainder when 6406729 is divided by 754.
745
What is the remainder when 142467901 is divided by 74?
67
What is the remainder when 1693692 is divided by 89141?
13
What is the remainder when 53931440 is divided by 1788?
1784
Calculate the remainder when 3694409 is divided by 80313.
11
What is the remainder when 10107883 is divided by 2021549?
138
What is the remainder when 564442 is divided by 762?
562
Calculate the remainder when 3734052 is divided by 39.
36
What is the remainder when 24579476 is divided by 1602?
1592
Calculate the remainder when 80505 is divided by 2909.
1962
What is the remainder when 657825 is divided by 143?
25
What is the remainder when 12220743 is divided by 941?
917
Calculate the remainder when 2241486 is divided by 157.
154
What is the remainder when 280527 is divided by 280508?
19
Calculate the remainder when 6075319 is divided by 15.
4
Calculate the remainder when 15157141 is divided by 5052367.
40
What is the remainder when 5216253 is divided by 487?
483
What is the remainder when 1411783 is divided by 46?
43
Calculate the remainder when 379866 is divided by 4.
2
What is the remainder when 47715045 is divided by 2656?
5
What is the remainder when 21202780 is divided by 758?
4
What is the remainder when 3585969 is divided by 597657?
27
Calculate the remainder when 91563 is divided by 512.
427
What is the remainder when 17109903 is divided by 4043?
3970
Calculate the remainder when 802114 is divided by 4832.
2
What is the remainder when 284658 is divided by 142308?
42
What is the remainder when 636307 is divided by 525?
7
Calculate the remainder when 3134759 is divided by 1957.
1602
What is the remainder when 1461877 is divided by 595?
557
Calculate the remainder when 15342265 is divided by 5114074.
43
Calculate the remainder when 505774 is divided by 13214.
3642
Calculate the remainder when 24927 is divided by 707.
182
What is the remainder when 1392265 is divided by 525?
490
What is the remainder when 139169 is divided by 15453?
92
Calculate the remainder when 16334 is divided by 2503.
1316
What is the remainder when 92645003 is divided by 7311?
11
What is the remainder when 86759 is divided by 9623?
152
Calculate the remainder when 10582236 is divided by 380.
376
Calculate the remainder when 28429 is divided by 4496.
1453
What is the remainder when 10836409 is divided by 236?
233
Calculate the remainder when 687484 is divided by 1276.
996
Calculate the remainder when 1642726 is divided by 22503.
7
What is the remainder when 414747 is divided by 215?
12
What is the remainder when 84578486 is divided by 15152?
22
Calculate the remainder when 742138 is divided by 185532.
10
What is the remainder when 151892561 is divided by 1337?
2
What is the remainder when 61668991 is divided by 3320?
3311
Calculate the remainder when 161238877 is divided by 80619429.
19
Calculate the remainder when 5035394 is divided by 3191.
3187
What is the remainder when 466645 is divided by 51803?
418
What is the remainder when 72157501 is divided by 17?
15
Calculate the remainder when 3546194 is divided by 11981.
11799
What is the remainder when 315532 is divided by 5527?
493
What is the remainder when 451870 is divided by 651?
76
Calculate the remainder when 57540 is divided by 635.
390
What is the remainder when 7113119 is divided by 438?
437
Calculate the remainder when 4876515 is divided by 237.
3
What is the remainder when 352247 is divided by 176026?
195
What is the remainder when 4811000 is divided by 150342?
56
Calculate the remainder when 63509 is divided by 478.
413
What is the remainder when 785314 is divided by 785313?
1
Calculate the remainder when 4896504 is divided by 276.
264
Calculate the remainder when 9909909 is divided by 868.
821
What is the remainder when 188023333 is divided by 6001?
1
Calculate the remainder when 267495 is divided by 83.
69
Calculate the remainder when 23058 is divided by 11166.
726
What is the remainder when 8016 is divided by 344?
104
What is the remainder when 6435113 is divided by 536258?
17
Calculate the remainder when 72311542 is divided by 4820769.
7
Calculate the remainder when 16389931 is divided by 1034.
1031
Calculate the remainder when 29361440 is divided by 4866.
4862
Calculate the remainder when 1367991 is divided by 62178.
75
What is the remainder when 10529193 is divided by 5264585?
23
Calculate the remainder when 289606 is divided by 109.
102
Calculate the remainder when 4180